inder when 129 is divided by h(4)?
21
Let q = -6 + 75. Calculate the remainder when 548 is divided by q.
65
Let r(v) = 153*v + 2. Let w be r(1). Suppose -4*s - 175 - w = -5*g, -3*s - 66 = -g. Calculate the remainder when g is divided by 17.
15
Let k be 9/(-15) + (-56)/(-10). Suppose -k*z + 45 + 5 = 0. What is the remainder when z is divided by -1*(11/(-11))/(2/6)?
1
What is the remainder when (-8675)/(-20) - -4 - 9/12 is divided by 55?
52
Let h be (-46)/(-14) + (-6)/21. Suppose -h*j + 4*j = 15. What is the remainder when 26 is divided by j?
11
Let a = 51 + -57. Let j(p) = 2*p**2 + 8*p - 4. Suppose r = -2*x + 7, -r + 3*x + 61 = 4*r. Calculate the remainder when j(a) is divided by r.
9
Let o = 385 + -372. Calculate the remainder when 244 is divided by o.
10
Let x be (2/2)/(12/36). What is the remainder when (-2 + 0)*10/(-2) is divided by (-8)/4*((4 - x) + -3)?
2
Let p = -67 + 73. Suppose -2*k + 42 - p = 0. What is the remainder when 85 is divided by k?
13
Suppose -3*b + 2*b - 10 = -5*p, -p + 2 = 0. Suppose 5*i - 4*w - 9 = b, 0 = 5*i - 4*w + w - 13. Calculate the remainder when 18 is divided by i.
3
Suppose -29 = -18*f + 169. What is the remainder when 351 is divided by f?
10
Let a(z) = z + 7. Let u be a(-5). Suppose -3*b - 34 = -u*j, 2*j = -3*b + 33 + 1. Calculate the remainder when j is divided by 9.
8
Let q(n) = 4*n + 31. Let j be q(-4). Suppose 0 = j*k - 19*k + 44. What is the remainder when 107 is divided by k?
8
Let d = -29 - -26. Let q be 38 + (-5 - d) - -1. Calculate the remainder when (1 - q)/(-2) - 1 is divided by 9.
8
Suppose -2*k + 1924 = 11*k. What is the remainder when 1626 is divided by k?
146
Suppose 0 = -y - 4*w + 74, -1 = -w + 1. What is the remainder when y is divided by 28?
10
Suppose 14 = 4*p + 58. Suppose -4*n + 31 = -5*s, 7*n - 3*n + 4 = 0. Let u = s - p. Calculate the remainder when 14 is divided by u.
2
Let w = -259 + 398. Calculate the remainder when w is divided by 7.
6
Let t be (2/(-6))/(1/(-15)). Suppose -14*w + 1353 = -929. Suppose w = t*f + 53. Calculate the remainder when f is divided by 12.
10
Let t = -9 - -20. What is the remainder when 105 is divided by t/(-44) + (-145)/(-4)?
33
Suppose -2*d - 3*d + 4*o = 0, 4*o = 2*d. Suppose 0 = y - d*y - 8. Calculate the remainder when -3 - y/(-4)*19 is divided by 19.
16
Suppose 5*c + 2*f - 32 = -0*f, -c - 4 = 3*f. Let u = 17 - c. What is the remainder when 27 is divided by u?
0
Suppose 7 = -5*n + 5*o - 3, -2*o = 2*n - 16. Suppose -3*x = -2*s - 0*x + 25, 76 = 5*s - n*x. What is the remainder when s is divided by (9/(-6))/(1/(-6))?
8
Let n = -3387 - -3398. Suppose -3*o = 0, 3*o = r - 20 - 9. Calculate the remainder when r is divided by n.
7
Let a(k) = -7*k. Suppose 4*u + 5 = -u. Let v be a(u). Suppose -q - 2*x = -v*x - 105, -5*x = -2*q + 195. What is the remainder when q is divided by 31?
28
Let n(m) = m**2 + m + 2. Let f be 30/(-25)*10/4. Calculate the remainder when n(f) is divided by 4.
0
Let n = 37 - -38. Let g be ((-100)/6)/(2/(-6)). Suppose 0 = -5*x + g + n. Calculate the remainder when 49 is divided by x.
24
Let t = 3 + -1. Let z = t - -21. Let f(d) = 9*d - 267. Calculate the remainder when f(37) is divided by z.
20
Calculate the remainder when (5 - 120/25) + 636/20 is divided by 12.
8
Suppose -36 = -3*c + 3*r, -4*r - 12 = -c - 0*c. Let w be c/(-4*(-1)/12). Suppose 0*l - w = -4*l. What is the remainder when 26 is divided by l?
8
Let u(r) = -45*r**3 - r**2 - 4*r - 3. Calculate the remainder when 60 is divided by u(-1).
15
Let f(t) = t**3 + 4*t**2 + 4. Let b be f(-4). Suppose -5*a = b*w - 49, a + 3*w + 2 = 3. What is the remainder when 63 is divided by a?
11
Let p = 126 + -115. Let r be (-1)/(-3) - 86/(-3). Let t = r - p. What is the remainder when t is divided by 7?
4
Let y(x) = x**2 + 4*x + 16. Calculate the remainder when 75 is divided by y(-5).
12
Let g = 74 - 65. Suppose -g - 18 = -h. What is the remainder when 78 is divided by h?
24
Suppose 3*g = 5*g - 164. What is the remainder when g is divided by 3 + 0 + (34 - 23)?
12
Suppose -5*u + 4*h - 285 = 0, -6*h = -4*u - 3*h - 228. Let x = u + 123. What is the remainder when x is divided by 17?
15
Suppose 0 = -13*w + 163 + 253. What is the remainder when w is divided by 11?
10
Suppose 3371 = 5*v + 2*k, -8*v + 7*v + 679 = 2*k. What is the remainder when v is divided by 13?
10
Let c(m) = 2*m**2 + 12*m + 10. Let k be c(-7). Let i = k + -5. Suppose -x = i - 84. What is the remainder when x is divided by 22?
21
Let j = 35 - 4. Let b(a) = 8 + 4 - 19*a - 1 + 5. What is the remainder when b(-4) is divided by j?
30
Suppose 5 - 2 = s - b, 2*b = s - 7. Calculate the remainder when (s/(-3)*53)/(10/30) is divided by 18.
17
Let i be 5*31 + (-8 - -10). Let s = i + -115. What is the remainder when s is divided by 11?
9
Let k(t) = -t**3 + 9*t - 54 - 32*t**2 + 31*t**2 - 12*t**2. What is the remainder when k(-14) is divided by 7?
2
Suppose 2*x = -v + 88 - 34, -3*v + 129 = -5*x. Calculate the remainder when v is divided by 4/20 + 84/5.
14
Suppose 0*j = 5*j + 3*v - 670, 3*j + 4*v = 413. What is the remainder when j is divided by 29?
15
Suppose -125 = -50*z + 45*z. Let i(m) = -m**2 + 10*m + 5. Let g be i(8). Calculate the remainder when z is divided by (-279)/(-21) - 6/g.
12
Let p = 20 + -8. Let n = -4 - 15. Let f = 13 - n. What is the remainder when f is divided by p?
8
Suppose -3*o + 20 = 2*o. What is the remainder when 5*(118/10 + o) is divided by 20?
19
Suppose 6*s = -0*s + 138. Calculate the remainder when 413 is divided by s.
22
Suppose 3*b + 3*r = 2*b + 108, -4*r - 376 = -3*b. What is the remainder when b is divided by 38?
6
Let r = 18 - 16. Suppose 3*f - 4*q - 16 = -r*f, 5*f - 5*q = 15. What is the remainder when 4 is divided by f*2/4 - -1?
1
Let g(f) = f**3 + 7*f**2 + 6*f + 1. Calculate the remainder when ((-2210)/715)/((-2)/22) is divided by g(-5).
13
Let p(q) = 16*q + 5. What is the remainder when 1109 is divided by p(1)?
17
Suppose 6*q + 84 = -q. What is the remainder when 25 is divided by 8/(-2)*(-6 + (-30)/q)?
11
Suppose -199 = -3*v + 2*o + 21, 5*o - 5 = 0. What is the remainder when v is divided by 38?
36
Suppose -151*m + 7 = -150*m. Let w(r) = r**2 + 3*r + 7. What is the remainder when w(-4) is divided by m?
4
Let c = 52 - 32. Let k(p) = p**3 + 13*p**2 - 15*p - 8. Let w be k(-12). What is the remainder when (-1 - -2)/(4/w) is divided by c?
19
Let k(c) = -19*c + 10. Suppose 27 = -7*s - 2*s. What is the remainder when k(s) is divided by 34?
33
Let u(d) = 11*d - 85. Let z be u(8). Calculate the remainder when 109 is divided by 55/2*z/15*4.
21
Let s(j) = -2*j**3 + 13*j**2 + 21*j + 15. What is the remainder when s(7) is divided by 63?
50
Suppose -4*n = 8 - 16. Suppose 4*h + 5*q = -0*h + 11, n*q + 2 = 0. Calculate the remainder when 7 is divided by h.
3
Let t = 29 + -26. Suppose -327 = -t*f - 3*w, -4*f - w + 441 = -2*w. Calculate the remainder when f is divided by 37.
36
Suppose -25*i - 524 = -1124. Calculate the remainder when 167 is divided by i.
23
Let w = 22 - 14. Suppose -45*j + 49*j = -b + 2, -4*b + 4*j = -8. What is the remainder when w is divided by b?
0
Suppose 3*r - 70 + 85 = 0. What is the remainder when 57 is divided by 10/1 - 0/r?
7
Suppose -9*d - 200 + 731 = 0. Let j = 198 - 183. Calculate the remainder when d is divided by j.
14
Let u(q) = -q**2 - 54*q - 139. Calculate the remainder when 206 is divided by u(-49).
100
Let y(h) be the second derivative of 7*h + 0 + 1/2*h**3 + 7/2*h**2. What is the remainder when 45 is divided by y(3)?
13
Suppose 3*x + 0 = 3. What is the remainder when (0/(-7) - 0) + 3/1 is divided by x?
0
Let i be (-25 - -26)*-2*(-94)/4. Suppose -2*w + 13 = -i. What is the remainder when w is divided by 10?
0
Suppose -36 = -38*x + 44*x. What is the remainder when 15 is divided by (1*(0 - 2))/(3/x)?
3
Let d = -18 + 29. Let r = -7 + -2. Let g(f) = -5*f - 3. What is the remainder when g(r) is divided by d?
9
Let c = -68 - -241. Calculate the remainder when c is divided by 36.
29
Let o = 1160 + -933. What is the remainder when o is divided by 10?
7
Suppose 3*l = -2*l + 5. Let v be (-2 - l - -2) + 4. What is the remainder when 2 is divided by 2/(-2) + v/1?
0
Suppose -4*p + 5*t - 52 - 184 = 0, -4*t - 146 = 3*p. Let y = p + 61. Let r(l) = 3*l**2 + 4*l + 2. Calculate the remainder when r(-3) is divided by y.